{"id":55,"date":"2019-02-14T15:34:10","date_gmt":"2019-02-14T18:34:10","guid":{"rendered":"https:\/\/www.gigacorp.com.ar\/home\/?page_id=55"},"modified":"2024-09-25T09:45:28","modified_gmt":"2024-09-25T12:45:28","slug":"balanzas","status":"publish","type":"page","link":"https:\/\/gigacorp.com.ar\/home\/balanzas\/","title":{"rendered":"Balanzas"},"content":{"rendered":"\n<p>Aqu\u00ed podr\u00e1 encontrar una gran variedad de balanzas cuyo orden esta seg\u00fan la marca. Para facilitar su b\u00fasqueda, bajo cada marca disponible, tendr\u00e1 una idea general acerca de que productos podr\u00e1 encontrar seg\u00fan que clase de balanza sea. <\/p>\n\n\n\n<div class=\"wp-block-cover\"><span aria-hidden=\"true\" class=\"wp-block-cover__background has-background-dim\"><\/span><img loading=\"lazy\" decoding=\"async\" width=\"802\" height=\"952\" class=\"wp-block-cover__image-background wp-image-753\" alt=\"\" src=\"https:\/\/gigacorp.com.ar\/home\/wp-content\/uploads\/2024\/09\/neo-dark-low.webp\" data-object-fit=\"cover\" srcset=\"https:\/\/gigacorp.com.ar\/home\/wp-content\/uploads\/2024\/09\/neo-dark-low.webp 802w, https:\/\/gigacorp.com.ar\/home\/wp-content\/uploads\/2024\/09\/neo-dark-low-253x300.webp 253w, https:\/\/gigacorp.com.ar\/home\/wp-content\/uploads\/2024\/09\/neo-dark-low-768x912.webp 768w, https:\/\/gigacorp.com.ar\/home\/wp-content\/uploads\/2024\/09\/neo-dark-low-350x415.webp 350w\" sizes=\"(max-width: 706px) 89vw, (max-width: 767px) 82vw, 740px\" \/><div class=\"wp-block-cover__inner-container is-layout-flow wp-block-cover-is-layout-flow\">\n<p class=\"has-text-align-center has-large-font-size\"><\/p>\n<\/div><\/div>\n","protected":false},"excerpt":{"rendered":"<p>Aqu\u00ed podr\u00e1 encontrar una gran variedad de balanzas cuyo orden esta seg\u00fan la marca. Para facilitar su b\u00fasqueda, bajo cada marca disponible, tendr\u00e1 una idea general acerca de que productos podr\u00e1 encontrar seg\u00fan que clase de balanza sea.<\/p>\n","protected":false},"author":1,"featured_media":59,"parent":0,"menu_order":0,"comment_status":"closed","ping_status":"closed","template":"","meta":{"footnotes":""},"class_list":["post-55","page","type-page","status-publish","has-post-thumbnail","hentry"],"_links":{"self":[{"href":"https:\/\/gigacorp.com.ar\/home\/wp-json\/wp\/v2\/pages\/55"}],"collection":[{"href":"https:\/\/gigacorp.com.ar\/home\/wp-json\/wp\/v2\/pages"}],"about":[{"href":"https:\/\/gigacorp.com.ar\/home\/wp-json\/wp\/v2\/types\/page"}],"author":[{"embeddable":true,"href":"https:\/\/gigacorp.com.ar\/home\/wp-json\/wp\/v2\/users\/1"}],"replies":[{"embeddable":true,"href":"https:\/\/gigacorp.com.ar\/home\/wp-json\/wp\/v2\/comments?post=55"}],"version-history":[{"count":2,"href":"https:\/\/gigacorp.com.ar\/home\/wp-json\/wp\/v2\/pages\/55\/revisions"}],"predecessor-version":[{"id":754,"href":"https:\/\/gigacorp.com.ar\/home\/wp-json\/wp\/v2\/pages\/55\/revisions\/754"}],"wp:featuredmedia":[{"embeddable":true,"href":"https:\/\/gigacorp.com.ar\/home\/wp-json\/wp\/v2\/media\/59"}],"wp:attachment":[{"href":"https:\/\/gigacorp.com.ar\/home\/wp-json\/wp\/v2\/media?parent=55"}],"curies":[{"name":"wp","href":"https:\/\/api.w.org\/{rel}","templated":true}]}}